mine v(1).
8
Let h(p) = 7*p - 1. Let q(f) = f - 8. Let k be q(9). Suppose -y - k + 0 = 0. Give h(y).
-8
Suppose 5*d = 2*d. Let t be 5/(0 + 1 + d). Suppose 2 = f - 4*a - 4, t*f - 4*a = 14. Let h(k) = -2*k - 1. What is h(f)?
-5
Let h(b) = -b + 1. Let j = 33 + -18. Suppose -25 = -5*l - 5*f, l - 4*l - f = -j. Determine h(l).
-4
Let w(r) = 8*r - 61. Let y be w(8). Let q(j) be the second derivative of -5/12*j**4 + 0 + y*j**2 + 3*j + 0*j**3 - 1/20*j**5. What is q(-5)?
6
Let a(g) be the third derivative of g**6/120 - g**5/60 + g**3/6 - 40*g**2. Give a(0).
1
Suppose -93*q = -88*q - 35. Let c(j) = j**2 - 8*j + 7. Give c(q).
0
Let s(m) = -2*m**2 + 3*m**2 - 5 + 2*m + m. Suppose 11*c - 9*c + 8 = 0, -c = -5*q - 21. Calculate s(q).
5
Let p(l) = l**2 + 10*l + 11. Let o be (-148)/16 + 2/8. Let q be p(o). Let j(s) be the third derivative of s**5/20 - s**4/8 + s**3/6 - s**2. Determine j(q).
7
Suppose 0*k = -k + 1. Let i = -2 + k. Let o be (0/(-3) - 5)/i. Let j(m) = m**2 - 3*m - 4. Calculate j(o).
6
Let l(v) = -v**3 - 5*v**2 + 6*v + 2. Let a = -95 - -89. Determine l(a).
2
Suppose 0*g - g = -5. Let a(l) = l - 12*l + 10*l + 6. What is a(g)?
1
Let r(x) be the second derivative of x**3/3 + x**2/2 + x. Let q be ((-18)/2)/((-12)/(-8)). Let p = q + 8. Give r(p).
5
Let t(u) be the first derivative of -u + 2*u**2 + 1 + 1/3*u**3. Calculate t(-5).
4
Suppose 6*u = 3*u. Suppose -l + 2 = -2*h, 3*l - h + 0 + 4 = u. Let q(s) = -s - 1. Calculate q(l).
1
Let o(p) = -p**3 + 3*p**2 + 4*p - 3. Suppose w - 10 = 2*r, -5*r - 22 = 3*w - 4*w. Let q = 21 + -9. Suppose -w*t - t = -q. What is o(t)?
-3
Let c(v) = 14*v - 29. Let y(m) = -5*m + 10. Let u(k) = -6*c(k) - 17*y(k). Let r(b) = -b - 5. Let t(n) = 5*r(n) + 6*u(n). Calculate t(2).
1
Let j(s) = -5*s**3 - 3*s**2 + s - 6. Let m(t) = -4*t**3 - 2*t**2 + t - 5. Let c(o) = -3*j(o) + 4*m(o). Give c(0).
-2
Suppose 2*t - 9*g + 4 = -7*g, -3*t - 22 = g. Let i(a) = -7*a - 6 - 3*a**3 + 5*a**2 + 2*a**3 + 2*a**3. Determine i(t).
0
Let s = 19 - 23. Let r(a) = -5*a**3 + 7*a**2 + 20*a - 12. Let y(m) = -3*m**3 + 5*m**2 + 13*m - 8. Let b(i) = -5*r(i) + 8*y(i). What is b(s)?
-4
Let k(o) be the first derivative of o**2/2 + o + 1. Let d(h) be the second derivative of -h**3/6 - h**2/2 - 5*h. Let t(s) = 7*d(s) + 6*k(s). Determine t(3).
-4
Let r(l) = -l**3 - 5*l**2 - 2*l + 2. Let j be 2/6 + 5/(-15). Suppose j = -2*m - 3 - 21. Let h be 0 + m/((-6)/(-2)). What is r(h)?
-6
Let y(c) be the second derivative of c**5/120 + 13*c**4/24 - 7*c**3/6 - 4*c. Let q(p) be the second derivative of y(p). What is q(0)?
13
Let n(q) be the third derivative of q**5/60 - 3*q**4/8 - 2*q**3 + 11*q**2. Calculate n(9).
-12
Let r(q) = q - 11. Let y be r(14). Let j(p) be the first derivative of 0*p**2 + 3 - 5/3*p**y + 0*p. What is j(-1)?
-5
Suppose 4*v - v = 0. Let p(g) = -5 - 2*g + 3*g + 1. Calculate p(v).
-4
Let h(w) = w**3 + 5*w**2 - 4. Let o be h(-4). Let q be 17/(-4) + 3/o. Let j = -2 - q. Let b(n) = 3*n - 1. Calculate b(j).
5
Let o(u) = -u**2 - 6*u - 3. Let w be o(-4). Let r(k) = 6 - k - 9 + 2*k. Calculate r(w).
2
Let h(s) = 5*s**2 - 3*s + 11. Let o(f) be the first derivative of -4*f**3/3 + f**2 - 12*f - 5. Let u(b) = -3*h(b) - 4*o(b). What is u(0)?
15
Let i(m) = -m**2 + 19*m + 61. Let p be i(22). Let c(k) = k**3 + 4*k**2 - 7*k - 4. Calculate c(p).
6
Let q(j) = -j**3 - 8*j**2 + 10*j + 10. Let y be q(-9). Let h(b) = -8*b**3 + b + 0 + y - 2*b. Let u = 2 + -1. Give h(u).
-8
Let z(b) be the first derivative of 2*b**2 + 3*b - 13. What is z(-3)?
-9
Suppose 85*m + 15 = 82*m. Let f(r) = -r + 1. Let j(h) = h**2 + 2*h + 5. Let a(v) = -3*f(v) + j(v). What is a(m)?
2
Let o(n) be the third derivative of -n**6/20 + n**5/60 - n**3/6 + n**2. Suppose -3*t + 18 - 21 = 0. Determine o(t).
6
Let q be 0 + -5 + 2 - -2. Let y be q/(-3) - (-42)/9. Let h(m) = -m**3 + 6*m**2 - 7*m + 7. What is h(y)?
-3
Let o = 14 - 12. Let y(w) = 2*w**2 + w + 1. What is y(o)?
11
Let n = -6 - 0. Let y = -8 - n. Let r(a) = a + 2. Determine r(y).
0
Let t(z) be the second derivative of -z**3/2 + 5*z**2/2 - 6*z. Let s(o) = 8*o - 14. Let f(p) = 4*s(p) + 11*t(p). Give f(-6).
5
Let c(t) = -2*t + 3. Suppose -75 + 40 = -5*k. Determine c(k).
-11
Suppose f = -3*f + 36. Let z(h) = -21 + f + h + 9. Let r(y) = y**2 - 2*y - 3. Let k be r(3). Determine z(k).
-3
Suppose 3*m + 2*m = -5. Let w(y) = 4*y**3 - y**2 - 2*y - 1. Determine w(m).
-4
Let a(x) be the first derivative of x**4/4 + x**2/2 - 2. Suppose 0 = -3*z + 7*z. What is a(z)?
0
Let x = 4 - 2. Let k(c) = 1 - 9*c - 2 - 5*c**2 + 10*c**x. Let u(q) = -6*q**2 + 10*q + 2. Let h(j) = -5*k(j) - 4*u(j). Calculate h(3).
3
Let z(y) be the first derivative of -y**3/3 - 4*y**2 - 5*y - 7. What is z(-6)?
7
Let v(o) = -4*o**3 - 5*o**2 + 2*o - 1. Let c(w) = -3*w**3 - 5*w**2 + 2*w. Let n = 2 - 7. Let p(d) = n*c(d) + 4*v(d). Determine p(4).
4
Let m(h) be the second derivative of 1/3*h**3 - 1/20*h**5 - h + 0 - 2*h**2 - 5/12*h**4. What is m(-5)?
-14
Let h(y) = -y**3 - 10*y**2 - 10*y - 9. Let s be h(-9). Let v(u) = s - u - u - 1. Suppose -3*o + 5 = -4. What is v(o)?
-7
Let z be 2*-2 + 0 + 1. Let v = -16 - -17. Let b = z - v. Let w(t) = t**2 + 2*t - 2. Calculate w(b).
6
Let a = 9 - 4. Suppose -a = -h - 1. Let u(t) = t**2 - 6*t - 3. Let q(g) = -2*g**2 + 12*g + 7. Let p(n) = -4*q(n) - 9*u(n). Give p(h).
7
Let x(j) be the first derivative of -j**2 + j + 3. Let o = 9 - 5. Let u be 1 + (-1 - o/(-2)). Calculate x(u).
-3
Let c(l) = -l**2 - 7*l - 6. Let v(t) = -t**2 - 14*t - 11. Let h be v(-13). Suppose 5*f = 4*j - 41, -f - 3 = h*j - 6. Determine c(f).
4
Let y(h) = -h - 3. Suppose -8*z + 3*z - 4*u - 21 = 0, -4*u - 15 = -z. Let c be -3 - (3 + 6*z). Calculate y(c).
-3
Let s(q) be the third derivative of 4*q**2 - 2/3*q**3 + 0 + 0*q - 1/24*q**4. Calculate s(0).
-4
Let z(x) be the third derivative of 0*x**3 - 2*x**2 + 0 + 0*x + 1/4*x**4. Suppose -6 = -4*g + 2*i, -5*g - 3*i + 2 = -0*i. What is z(g)?
6
Let l(o) be the second derivative of -2*o**2 + 1/12*o**4 - 3*o + 1/2*o**3 + 0. Let m = -10 + 7. Determine l(m).
-4
Suppose -19 = -12*l + 53. Let c(g) = -g**2 + 6*g + 5. What is c(l)?
5
Let x(g) = -3 - 3 + 2 + 6*g + g**2. Give x(-7).
3
Let y(q) be the second derivative of q**5/20 - q**4/4 - q**3/6 + 8*q. Let o be y(3). Let w(z) = z + 3. Calculate w(o).
0
Suppose -31*w = -26*w - 25. Suppose -4*s + w + 19 = 0. Let p(f) = -f**2 + 8*f - 2. Determine p(s).
10
Let g be (-4)/18 - 412/9. Let h be 4/10 - g/10. Let k(n) = n**3 - 4*n**2 - 5*n - 6. Give k(h).
-6
Let k(m) = 2*m**2 - 3*m + 3. Let u = 4 + -4. Suppose u = -2*j - c + 5, 4*c - 4 + 0 = 0. Determine k(j).
5
Let b(q) be the second derivative of q**3/6 - 7*q**2/2 + 8*q. Determine b(5).
-2
Let r(p) = 2*p. Let a be ((-10)/(-5))/(2 + 0). Let h be r(a). Let f = -2 + h. Let l(z) = -z - 1. Determine l(f).
-1
Let i(y) = -2*y - 4. Suppose 5*r = 2*n + 32, -5*n - 2*r = -3*n + 4. Calculate i(n).
8
Suppose -2*x + 5*u = 17, x + 3 = 3*u - 8. Let m(d) = 4*d**3 - 5*d**3 - d + 2*d**2 - x*d**2. Determine m(-1).
0
Let n(q) = q**2 - 4*q. Let j(h) = -5*h**2 + 21*h. Let l(g) = 2*j(g) + 11*n(g). Let z(c) = -c - 1. Let i be z(-2). Calculate l(i).
-1
Let c(y) be the third derivative of -y**5/60 + y**4/8 + 5*y**3/6 - 8*y**2. Give c(4).
1
Let n(f) = -f. Let h = -3 + 2. What is n(h)?
1
Let t(w) be the first derivative of w**4/4 + 5*w**3/3 - 5*w**2/2 - 6*w - 48. Give t(-6).
-12
Let f(z) be the first derivative of -z**2/2 + 12. Let g(l) = -5*l + 6. Let y(w) = -4*f(w) + g(w). Suppose 3*p = -2*p. Determine y(p).
6
Let r(v) be the third derivative of -v**6/120 + v**5/15 + 7*v**4/24 + v**3/6 + 21*v**2. What is r(5)?
11
Let l(a) be the first derivative of a**6/360 + a**5/24 - a**4/8 + 4*a**3/3 - 3. Let j(u) be the third derivative of l(u). Determine j(-6).
3
Let d(h) = -h + 5. Let a(p) = p - 1. Let k(v) = 2*a(v) + d(v). Let j = 9 - 5. Let q(i) = -i**3 + 3*i**2 + 6*i - 3. Let n be q(j). What is k(n)?
8
Let p(y) = 5*y**3 + 16*y**2 - 13*y + 2. Let k(q) = 14*q**3 + 47*q**2 - 39*q + 7. Let j(b) = -4*k(b) + 11*p(b). Calculate j(-13).
-6
Suppose w - 10 = -w. Let v(i) = -3*i - 2 - w + 4. Calculate v(-3).
6
Let f(s) = -s**3 - 2*s**2 - 4 + 0*s**2 - 6*s - 5*s**2 - 2*s. Let t be (1/(-2))/((-1)/(-12)). Calculate f(t).
8
Let s(y) be the third derivative of y**3 + y**2 + 0*y - 1/8*y**4 + 0 - 1/12*y**5 + 1/120*y**6. Give s(5).
-9